the remainder when 471 is divided by 17?
12
What is the remainder when 141 is divided by 69?
3
Calculate the remainder when 591 is divided by 77.
52
Calculate the remainder when 45 is divided by 23.
22
What is the remainder when 23 is divided by 12?
11
What is the remainder when 165 is divided by 46?
27
What is the remainder when 45 is divided by 20?
5
What is the remainder when 146 is divided by 10?
6
What is the remainder when 366 is divided by 4?
2
Calculate the remainder when 1454 is divided by 112.
110
What is the remainder when 69 is divided by 38?
31
What is the remainder when 584 is divided by 8?
0
Calculate the remainder when 1269 is divided by 98.
93
What is the remainder when 96 is divided by 33?
30
What is the remainder when 23975 is divided by 9?
8
Calculate the remainder when 29041 is divided by 274.
271
Calculate the remainder when 282 is divided by 96.
90
Calculate the remainder when 815 is divided by 102.
101
What is the remainder when 528 is divided by 28?
24
Calculate the remainder when 299 is divided by 12.
11
What is the remainder when 268 is divided by 71?
55
Calculate the remainder when 160 is divided by 37.
12
What is the remainder when 2579 is divided by 10?
9
Calculate the remainder when 25 is divided by 10.
5
What is the remainder when 236 is divided by 34?
32
What is the remainder when 51 is divided by 50?
1
Calculate the remainder when 112 is divided by 16.
0
What is the remainder when 118 is divided by 10?
8
Calculate the remainder when 5693 is divided by 13.
12
Calculate the remainder when 583 is divided by 577.
6
Calculate the remainder when 62 is divided by 14.
6
What is the remainder when 547 is divided by 76?
15
Calculate the remainder when 10213 is divided by 15.
13
Calculate the remainder when 325 is divided by 33.
28
What is the remainder when 7549 is divided by 32?
29
Calculate the remainder when 73 is divided by 39.
34
Calculate the remainder when 4073 is divided by 31.
12
What is the remainder when 701 is divided by 37?
35
Calculate the remainder when 2150 is divided by 36.
26
What is the remainder when 144 is divided by 78?
66
What is the remainder when 96 is divided by 67?
29
Calculate the remainder when 5316 is divided by 56.
52
Calculate the remainder when 1233 is divided by 176.
1
Calculate the remainder when 365 is divided by 74.
69
What is the remainder when 1251 is divided by 179?
177
Calculate the remainder when 3047 is divided by 71.
65
What is the remainder when 120 is divided by 11?
10
What is the remainder when 123 is divided by 104?
19
What is the remainder when 252 is divided by 23?
22
What is the remainder when 283 is divided by 12?
7
What is the remainder when 367 is divided by 31?
26
What is the remainder when 1646 is divided by 25?
21
Calculate the remainder when 714 is divided by 12.
6
What is the remainder when 689 is divided by 688?
1
Calculate the remainder when 1570 is divided by 75.
70
What is the remainder when 309 is divided by 35?
29
What is the remainder when 2044 is divided by 64?
60
What is the remainder when 189 is divided by 43?
17
Calculate the remainder when 379 is divided by 23.
11
What is the remainder when 1137 is divided by 67?
65
What is the remainder when 192 is divided by 76?
40
What is the remainder when 390 is divided by 23?
22
What is the remainder when 522 is divided by 88?
82
Calculate the remainder when 7907 is divided by 113.
110
What is the remainder when 4364 is divided by 6?
2
What is the remainder when 1634 is divided by 408?
2
Calculate the remainder when 173 is divided by 60.
53
What is the remainder when 2039 is divided by 24?
23
Calculate the remainder when 1365 is divided by 37.
33
What is the remainder when 281 is divided by 265?
16
What is the remainder when 1905 is divided by 58?
49
What is the remainder when 93 is divided by 28?
9
Calculate the remainder when 912 is divided by 122.
58
What is the remainder when 64 is divided by 13?
12
Calculate the remainder when 599 is divided by 10.
9
Calculate the remainder when 261 is divided by 129.
3
Calculate the remainder when 99 is divided by 42.
15
What is the remainder when 97 is divided by 68?
29
Calculate the remainder when 2393 is divided by 216.
17
Calculate the remainder when 2063 is divided by 40.
23
Calculate the remainder when 274 is divided by 9.
4
Calculate the remainder when 205 is divided by 2.
1
Calculate the remainder when 309 is divided by 6.
3
Calculate the remainder when 168 is divided by 27.
6
Calculate the remainder when 1177 is divided by 20.
17
Calculate the remainder when 238 is divided by 24.
22
Calculate the remainder when 246 is divided by 63.
57
Calculate the remainder when 7343 is divided by 13.
11
Calculate the remainder when 3955 is divided by 46.
45
Calculate the remainder when 51559 is divided by 58.
55
Calculate the remainder when 62 is divided by 47.
15
Calculate the remainder when 2805 is divided by 60.
45
Calculate the remainder when 958 is divided by 48.
46
Calculate the remainder when 318 is divided by 36.
30
What is the remainder when 4943 is divided by 12?
11
What is the remainder when 735 is divided by 92?
91
What is the remainder when 11 is divided by 8?
3
What is the remainder when 1415 is divided by 704?
7
Calculate the remainder when 924 is divided by 93.
87
What is the remainder when 530 is divided by 77?
68
Calculate the remainder when 1172 is divided by 47.
44
Calculate the remainder when 619 is divided by 76.
11
What is the remainder when 598 is divided by 2?
0
What is the remainder when 822 is divided by 81?
12
Calculate the remainder when 172 is divided by 5.
2
Calculate the remainder when 126 is divided by 18.
0
Calculate the remainder when 356 is divided by 12.
8
What is the remainder when 96 is divided by 34?
28
Calculate the remainder when 287 is divided by 21.
14
What is the remainder when 374 is divided by 54?
50
What is the remainder when 465 is divided by 32?
17
Calculate the remainder when 78 is divided by 40.
38
What is the remainder when 43 is divided by 20?
3
What is the remainder when 116 is divided by 27?
8
What is the remainder when 4155 is divided by 73?
67
What is the remainder when 1759 is divided by 30?
19
What is the remainder when 399 is divided by 389?
10
Calculate the remainder when 1357 is divided by 17.
14
What is the remainder when 146 is divided by 26?
16
Calculate the remainder when 437 is divided by 159.
119
Calculate the remainder when 74 is divided by 23.
5
Calculate the remainder when 1689 is divided by 285.
264
Calculate the remainder when 869 is divided by 286.
11
Calculate the remainder when 454 is divided by 163.
128
Calculate the remainder when 3572 is divided by 25.
22
What is the remainder when 397 is divided by 134?
129
Calculate the remainder when 357 is divided by 179.
178
Calculate the remainder when 2897 is divided by 28.
13
Calculate the remainder when 9274 is divided by 25.
24
What is the remainder when 202 is divided by 93?
16
Calculate the remainder when 2838 is divided by 158.
152
What is the remainder when 400 is divided by 67?
65
Calculate the remainder when 7143 is divided by 6.
3
Calculate the remainder when 484 is divided by 26.
16
What is the remainder when 164 is divided by 56?
52
What is the remainder when 901 is divided by 113?
110
What is the remainder when 1624 is divided by 125?
124
What is the remainder when 322 is divided by 23?
0
Calculate the remainder when 256 is divided by 68.
52
What is the remainder when 8043 is divided by 132?
123
What is the remainder when 23 is divided by 7?
2
What is the remainder when 417 is divided by 30?
27
What is the remainder when 245 is divided by 164?
81
Calculate the remainder when 477 is divided by 92.
17
Calculate the remainder when 1597 is divided by 4.
1
Calculate the remainder when 166 is divided by 84.
82
What is the remainder when 286 is divided by 73?
67
What is the remainder when 977 is divided by 60?
17
What is the remainder when 172 is divided by 21?
4
Calculate the remainder when 137 is divided by 57.
23
Calculate the remainder when 4462 is divided by 62.
60
Calculate the remainder when 1153 is divided by 103.
20
What is the remainder when 243 is divided by 31?
26
What is the remainder when 2846 is divided by 59?
14
Calculate the remai